etermine n(1).
-3
Let v(x) = -2*x**2 - 2. Determine v(2).
-10
Let z(b) = -8*b**3 + 4*b**2 + 4*b + 3. Give z(-2).
75
Let m(t) = -18*t + 6. What is m(1)?
-12
Let w(j) = -j**2 - 44*j - 340. Calculate w(-34).
0
Let z(q) = -53*q**2 + 1. Determine z(1).
-52
Let g(d) = 5*d + 2. Calculate g(-5).
-23
Let j(y) = 8*y - 8. What is j(-3)?
-32
Let f(y) = 6*y + 7. Calculate f(-11).
-59
Let q(a) = 6*a + 58. Calculate q(-20).
-62
Let r(w) = -84*w**2 + 2*w - 1. What is r(1)?
-83
Let c(w) = -7*w - 10. Give c(-1).
-3
Let t(j) = 3*j**2 + 55*j - 13. What is t(-19)?
25
Let h(f) = f**2 - 4*f - 12. Calculate h(9).
33
Let j(m) = 2*m. Determine j(-8).
-16
Let r(a) = 2*a + 3. Calculate r(2).
7
Let p(h) = 3*h + 44. Calculate p(-13).
5
Let j(h) = -5*h - 2. Calculate j(0).
-2
Let b(k) = -k**2 + 3*k - 4. Determine b(-4).
-32
Let f(m) = -3*m - 52. Give f(-11).
-19
Let i(d) = -6*d - 3. Calculate i(5).
-33
Let h(m) = 2*m**3 - 21*m**2 - 9*m - 18. Determine h(11).
4
Let n(x) = -x**3 - 2*x**2 + 2*x + 2. Determine n(-1).
-1
Let f(y) = y**3 + 5*y**2 - 16*y - 57. Give f(-6).
3
Let l(v) = -v**3 + v**2 + 5. Calculate l(3).
-13
Let x(s) = 3*s**3 + 4*s**2 + 4*s - 1. Determine x(-2).
-17
Let v(r) = 3*r - 6. Give v(-14).
-48
Let z(r) = 2*r**2 - 14*r + 6. Calculate z(7).
6
Let p(i) = 2*i**2 + 12*i + 15. Determine p(-7).
29
Let r(h) = 4*h - 34. Determine r(4).
-18
Let b(r) = 5*r - 5. Calculate b(10).
45
Let k(o) = -o**3 + 14*o**2 - 10*o - 32. Determine k(13).
7
Let h(d) = -130*d + 634. Calculate h(5).
-16
Let n(f) = f**3 + 71*f**2 - 68*f + 292. Calculate n(-72).
4
Let l(o) = o**2 - 15*o + 20. Determine l(13).
-6
Let u(d) = d**3 + 23*d**2 - d - 19. Give u(-23).
4
Let l(p) = p**3 - 7*p**2 - p + 6. What is l(7)?
-1
Let w(u) = u**2 + 3*u + 9. Determine w(-4).
13
Let n(f) = -f**2 + 11*f + 25. Calculate n(12).
13
Let o(z) = 3*z. What is o(-3)?
-9
Let u(t) = -10*t - 70. What is u(-7)?
0
Let w(z) = 11*z + 4. What is w(-3)?
-29
Let x(j) = -j - 7. Determine x(-4).
-3
Let c(k) = -k**2 + 24*k + 56. Determine c(26).
4
Let n(l) = l - 4. Give n(-3).
-7
Let f(i) = -14*i - 34. Determine f(-9).
92
Let b(u) = u**2 - 5*u - 9. Calculate b(7).
5
Let p(g) = -g**2 + 19*g - 27. What is p(18)?
-9
Let u(n) = n**2 - 3*n - 10. Calculate u(-2).
0
Let f(d) = -d**3 + d**2 + 8*d - 9. Determine f(2).
3
Let a(g) = g**3 - 15*g**2 + 14*g - 6. Give a(14).
-6
Let g(h) = -2*h**2 + 6*h + 6. Determine g(-3).
-30
Let m(f) = -4*f**3 + 2*f**2 + f + 54. What is m(0)?
54
Let r(h) = h**2 - 18*h + 18. Determine r(16).
-14
Let r(f) = -f**3 + 11*f - 1. Calculate r(-5).
69
Let d(q) = 18*q - 18. Determine d(0).
-18
Let h(v) = 6*v + 54. What is h(-7)?
12
Let n(d) = 4*d**3 + 2*d**2 + 2*d. Determine n(-2).
-28
Let v(d) = d**3 + 11*d**2 - d - 9. What is v(-11)?
2
Let h(c) = 7*c + 16. What is h(-6)?
-26
Let x(f) = f**2 - 10*f - 54. Give x(14).
2
Let c(j) = 2*j + 12. Determine c(0).
12
Let g(z) = z**3 - 2*z. Give g(3).
21
Let i(y) = -y - 7. Give i(4).
-11
Let y(s) = s**3 + 11*s**2 + 15*s + 2. Give y(-10).
-48
Let j(s) = -s**3 - 58*s**2 - 64*s - 393. Calculate j(-57).
6
Let o(c) = -c**2 + 20*c - 43. Determine o(18).
-7
Let b(s) = -s + 7. Calculate b(6).
1
Let k(a) = -2*a + 5. What is k(-6)?
17
Let y(r) = -r**2 - 27*r - 120. Calculate y(-5).
-10
Let o(l) = 3*l**3 - l**2 - 3*l - 1. Determine o(-1).
-2
Let w(x) = 7*x - 102. Calculate w(9).
-39
Let m(a) = a + 7. Determine m(-9).
-2
Let c(i) = -3*i**2 - 17*i - 14. Give c(-6).
-20
Let g(x) = x + 2. Determine g(-6).
-4
Let s(g) = -g**2 + 10*g + 14. Determine s(11).
3
Let y(t) = -t**3 + t**2 - t + 63. Determine y(0).
63
Let g(l) = -14*l - 4. Give g(-4).
52
Let y(c) = -c**2 - 41*c - 156. Determine y(-38).
-42
Let l(j) = -j**3 - 6*j**2 - 8*j - 6. What is l(-4)?
-6
Let a(v) = 6*v**2 + 94*v - 35. Determine a(-16).
-3
Let w(b) = 6*b**2 + 2*b - 4. Give w(-3).
44
Let j(w) = -w**3 + 11*w**2 - 8*w - 16. What is j(10)?
4
Let g(m) = 8*m + 97. Calculate g(-13).
-7
Let n(b) = b**2 + 14*b - 2. Give n(-12).
-26
Let i(m) = 3*m**2 + 6*m + 4. Calculate i(-4).
28
Let l(t) = 8*t - 18. Give l(3).
6
Let a(h) = -h**2 - 17*h - 18. Determine a(-15).
12
Let j(s) = -3*s**3 - 5*s**2 - 9*s - 3. Calculate j(-1).
4
Let p(b) = -b**2 - 26*b + 46. Determine p(-28).
-10
Let c(y) = y**3 + 6*y**2 + 5*y. Determine c(-5).
0
Let i(n) = 6*n**2 + 6*n - 8. Give i(1).
4
Let g(u) = 7*u - 14. Give g(4).
14
Let b(s) = -s**2 - 14*s - 9. Determine b(-13).
4
Let c(f) = -f**3 + 5*f**2 - 4*f - 4. Determine c(4).
-4
Let a(r) = -21*r + 50. Calculate a(4).
-34
Let k(t) = -2*t**3 - 15*t**2 - 4*t + 17. Calculate k(-7).
-4
Let s(p) = 2*p - 26. Calculate s(13).
0
Let y(j) = -j**2 + j + 2. Determine y(-3).
-10
Let x(h) = -7*h + 10. Give x(-13).
101
Let u(f) = -5*f + 214. Calculate u(42).
4
Let y(n) = -n**3 - 12*n**2 - 15*n + 5. Give y(-11).
49
Let o(v) = -7*v - 140. What is o(-17)?
-21
Let m(h) = -7*h**2 + 7*h - 7. Determine m(1).
-7
Let h(i) = -i**3 - 5*i**2 + 10. Give h(-5).
10
Let l(i) = 3*i**3 - 4*i**2 + 4*i + 1. What is l(2)?
17
Let f(b) = b**3 - 2*b**2 - 2*b - 11. Determine f(4).
13
Let t(h) = -7*h**2 - 18*h - 18. Give t(-1).
-7
Let g(q) = q - 19. Determine g(10).
-9
Let t(q) = 2*q**3 - 5*q + 7. Calculate t(3).
46
Let w(k) = -k + 17. Determine w(19).
-2
Let a(w) = 44*w + 26. Calculate a(3).
158
Let s(p) = 23*p**2 + p - 1. What is s(1)?
23
Let t(v) = -2*v - 6. Give t(15).
-36
Let o(q) = 3*q - 16. What is o(10)?
14
Let m(u) = u**2 + 11*u + 25. What is m(-10)?
15
Let a(i) = -2*i**2 - 25*i + 122. Give a(4).
-10
Let g(t) = -6*t + 6. Calculate g(3).
-12
Let x(f) = f**3 + 3*f**2 - f - 16. Calculate x(-2).
-10
Let y(t) = t**3 - 9*t**2 - 3*t - 13. Give y(10).
57
Let l(r) = -2*r + 27. Give l(21).
-15
Let q(m) = -5*m - 142. Give q(-29).
3
Let q(n) = 2*n + 46. Determine q(-25).
-4
Let v(a) = a**2 + 22*a + 11. Determine v(-8).
-101
Let k(u) = -u**3 + 5*u**2 + u - 17. What is k(4)?
3
Let b(y) = -2*y - 31. Determine b(-14).
-3
Let t(r) = -r**3 + 8*r**2 + r - 13. Give t(8).
-5
Let n(p) = 5*p - 18. Calculate n(4).
2
Let h(j) = -j**2 + 4*j + 8. What is h(7)?
-13
Let n(q) = -q**2 + 4*q + 21. What is n(7)?
0
Let n(a) = -79*a**3 - a**2 + 1. Give n(1).
-79
Let f(k) = k**2 + 7*k + 2. Calculate f(-7).
2
Let s(r) = r**2 + 2*r - 4. What is s(-7)?
31
Let l(y) = -2*y - 1. Calculate l(-4).
7
Let u(b) = 2*b**2 + b - 10. Calculate u(2).
0
Let p(n) = n**2 + 8*n - 3. Give p(-10).
17
Let m(t) = -10*t + 24. Calculate m(3).
-6
Let k(l) = l**3 - 2*l**2 - 2*l + 61. Give k(0).
61
Let k(i) = -2*i**2 + 17*i + 4. Determine k(8).
12
Let i(t) = -t**3 + 8*t**2 + 21*t - 5. Calculate i(10).
5
Let o(t) = -94*t - 1118. Give o(-12).
10
Let h(y) = y**3 - 25*y**2 + 28*y - 62. Give h(24).
34
Let l(f) = -22*f + 88. What is l(4)?
0
Let n(k) = -2*k**2 - 21*k - 58. Determine n(-7).
-9
Let y(d) = d**2 + 38*d - 30. Calculate y(-39).
9
Let n(d) = 11*d - 104. Calculate n(10).
6
Let q(l) = -l**3 - 8*l**2 - 6*l - 1. What is q(-5)?
-46
Let p(i) = i**2 - 2. Determine p(3).
7
Let r(n) = -n**3 - 27*n**2 - 24*n - 87. Calculate r(-26).
-139
Let d(s) = 19*s**2 - s + 1. Give d(1).
19
Let l(x) = -15*x + 600. Determine l(40).
0
Let k(g) = 4*g + 16. What is k(-3)?
4
Let p(u) = 32*u + 9. Determine p(-3).
-87
Let n(s) = 4*s**3 - 27*s**2 - 11*s + 17. Calculate n(7).
-11
Let p(b) = 10*b - 25. Determine p(7).
45
Let u(s) = -6*s - 147. What is u(-28)?
21
Let h(p) = 3*p**2 - p - 9. Calculate h(-2).
5
Let a(j) = -j**3 - 2*j**2 + 5*j - 1. What is a(-3)?
-7
Let b(r) = -3*r**2 + 14*r - 12. What is b(6)?
-36
Let n(y) = -16*y**3 - 2*y**2 + 2. Give n(-1).
16
Let c(j) = -8*j**2 + 38*j + 6. Determine c(5).
-4
Let u(j) = -j**2 - 11. Calculate u(11).
-132
Let p(u) = -u**3 - 4*u**2 - 4*u - 13. What is p(-3)?
-10
Let o(q) = -2*q**2 + 3*q - 10. Determine o(4).
-30
Let b(z) = 2*z**2 - 52*z + 217. Calculate b(21).
7
Let m(q) = -3*q**3 + 6*q**2 - 12*q + 5. What is m(1)?
-4
Let s(y) = -y**3 + 18*y**2 - 16*y + 6. Give s(17).
23
Let k(y) = 14*y**3 + 2*y - 1. Determine k(1).
15
Let u(h) = -h**2 + 24*h - 141. What is u(12)?
3
Let z(y) = 11*y**3 + 5*y**2 + y - 2. Give z(-1).
-9
Let r(f) = -f**2 + 5*f - 13. Give r(6).
-19
Let y(i) = 9*i + 4. Calculate y(5).
49
Let l(m) = m - 9. Give l(-13).
-22
Let j(y) = -y**2 + 3. What is j(3)?
-6
Let a(i) = 16*i - 99. Determine a(6).
-3
Let k(m) = -m - 4. Give k(-8).
4
Let n(m) = -5*m + 33. Determine n(5).
8
Let t(m) = -m 